{"id":24,"date":"2018-04-04T16:59:37","date_gmt":"2018-04-04T16:59:37","guid":{"rendered":"https:\/\/moin-timmel.de\/?page_id=24"},"modified":"2024-08-31T13:32:55","modified_gmt":"2024-08-31T13:32:55","slug":"impressum","status":"publish","type":"page","link":"https:\/\/moin-timmel.de\/index.php\/impressum\/","title":{"rendered":"Impressum"},"content":{"rendered":"<div class=\"entry-content\">\n<h4>Angaben gem\u00e4\u00df \u00a7 5 TMG:<\/h4>\n<p>Sarah Buskohl<br \/>\n\u00d6vert Meer 22<br \/>\nTimmel, 26629 Gro\u00dfefehn<\/p>\n<h4>Kontakt:<\/h4>\n<table>\n<tbody>\n<tr>\n<td>Telefon:<\/td>\n<td>04952 8299995<\/td>\n<\/tr>\n<tr>\n<td>E-Mail:<\/td>\n<td>Moin-Timmel@web.de<\/td>\n<\/tr>\n<\/tbody>\n<\/table>\n<h4>Haftungsausschluss (Disclaimer)<\/h4>\n<h4>Haftung f\u00fcr Inhalte<\/h4>\n<p>Als Diensteanbieter sind wir gem\u00e4\u00df \u00a7 7 Abs.1 TMG f\u00fcr eigene Inhalte auf diesen Seiten nach den allgemeinen Gesetzen verantwortlich. Nach \u00a7\u00a7 8 bis 10 TMG sind wir als Diensteanbieter jedoch nicht verpflichtet, \u00fcbermittelte oder gespeicherte fremde Informationen zu \u00fcberwachen oder nach Umst\u00e4nden zu forschen, die auf eine rechtswidrige T\u00e4tigkeit hinweisen.<\/p>\n<p>Verpflichtungen zur Entfernung oder Sperrung der Nutzung von Informationen nach den allgemeinen Gesetzen bleiben hiervon unber\u00fchrt. Eine diesbez\u00fcgliche Haftung ist jedoch erst ab dem Zeitpunkt der Kenntnis einer konkreten Rechtsverletzung m\u00f6glich. Bei Bekanntwerden von entsprechenden Rechtsverletzungen werden wir diese Inhalte umgehend entfernen.<\/p>\n<h4>Haftung f\u00fcr Links<\/h4>\n<p>Unser Angebot enth\u00e4lt Links zu externen Webseiten Dritter, auf deren Inhalte wir keinen Einfluss haben. Deshalb k\u00f6nnen wir f\u00fcr diese fremden Inhalte auch keine Gew\u00e4hr \u00fcbernehmen. F\u00fcr die Inhalte der verlinkten Seiten ist stets der jeweilige Anbieter oder Betreiber der Seiten verantwortlich. Die verlinkten Seiten wurden zum Zeitpunkt der Verlinkung auf m\u00f6gliche Rechtsverst\u00f6\u00dfe \u00fcberpr\u00fcft. Rechtswidrige Inhalte waren zum Zeitpunkt der Verlinkung nicht erkennbar.<\/p>\n<p>Eine permanente inhaltliche Kontrolle der verlinkten Seiten ist jedoch ohne konkrete Anhaltspunkte einer Rechtsverletzung nicht zumutbar. Bei Bekanntwerden von Rechtsverletzungen werden wir derartige Links umgehend entfernen.<\/p>\n<h4>Urheberrecht<\/h4>\n<p>Die durch die Seitenbetreiber erstellten Inhalte und Werke auf diesen Seiten unterliegen dem deutschen Urheberrecht. Die Vervielf\u00e4ltigung, Bearbeitung, Verbreitung und jede Art der Verwertung au\u00dferhalb der Grenzen des Urheberrechtes bed\u00fcrfen der schriftlichen Zustimmung des jeweiligen Autors bzw. Erstellers. Downloads und Kopien dieser Seite sind nur f\u00fcr den privaten, nicht kommerziellen Gebrauch gestattet.<\/p>\n<p>Soweit<br \/>\ndie Inhalte auf dieser Seite nicht vom Betreiber erstellt wurden, werden die Urheberrechte Dritter beachtet. Insbesondere werden Inhalte Dritter als solche gekennzeichnet. Sollten Sie trotzdem auf eine Urheberrechtsverletzung aufmerksam werden, bitten wir um einen entsprechenden Hinweis. Bei Bekanntwerden von Rechtsverletzungen werden wir derartige Inhalte umgehend entfernen.<\/p>\n<h4>Datenschutz<\/h4>\n<p>Die Betreiber dieser Seiten nehmen den Schutz Ihrer pers\u00f6nlichen Daten sehr<br \/>\nernst. Wir behandeln Ihre personenbezogenen Daten vertraulich und entsprechend der gesetzlichen Datenschutzvorschriften sowie dieser Datenschutzerkl\u00e4rung.<\/p>\n<p>Die Nutzung unserer Webseite ist in<br \/>\nder Regel ohne Angabe personenbezogener Daten m\u00f6glich. Soweit auf unseren Seiten<br \/>\npersonenbezogene Daten (beispielsweise Name, Anschrift oder E-Mail-Adressen) erhoben werden, erfolgt dies,<br \/>\nsoweit m\u00f6glich, stets auf freiwilliger Basis. Diese Daten werden ohne Ihre ausdr\u00fcckliche Zustimmung<br \/>\nnicht an Dritte weitergegeben.<\/p>\n<p>Wir weisen darauf hin, dass die Daten\u00fcbertragung im Internet (z.B.<br \/>\nbei der Kommunikation per E-Mail) Sicherheitsl\u00fccken aufweisen kann. Ein l\u00fcckenloser Schutz der<br \/>\nDaten vor dem Zugriff durch Dritte ist nicht m\u00f6glich.<\/p>\n<h4>Kontaktformular<\/h4>\n<p>Wenn Sie uns per Kontaktformular Anfragen zukommen lassen, werden Ihre Angaben aus dem<br \/>\nAnfrageformular inklusive der von Ihnen dort angegebenen Kontaktdaten zwecks Bearbeitung der Anfrage und<br \/>\nf\u00fcr den Fall von Anschlussfragen bei uns gespeichert. Diese Daten geben wir nicht ohne Ihre Einwilligung weiter.<\/p>\n<h4>Kommentarfunktion auf dieser Webseite<\/h4>\n<p>F\u00fcr die Kommentarfunktion auf dieser Seite<\/p>\n<p>werden neben Ihrem Kommentar auch Angaben zum Zeitpunkt der Erstellung des Kommentars, Ihre E-Mail- Adresse und, wenn Sie nicht anonym posten, der von Ihnen gew\u00e4hlte Nutzername gespeichert.<\/p>\n<p><strong>Speicherung der IP Adresse<\/strong><\/p>\n<p>Unsere Kommentarfunktion speichert die IP- Adressen der Nutzer, die Kommentare verfassen. Da wir Kommentare auf unserer Seite nicht vor der Freischaltung pr\u00fcfen, ben\u00f6tigen wir diese Daten, um im Falle von Rechtsverletzungen wie Beleidigungen oder Propaganda gegen den Verfasser vorgehen zu k\u00f6nnen.<\/p>\n<p><strong>Quellenangaben f\u00fcr die verwendeten Bilder, Grafiken und Videos<\/strong><\/p>\n<p>Bilder, Grafiken und Videos stammen von: Sarah und Holger Buskohl<\/p>\n<p>Standortkarte: Google Maps<\/p>\n<\/div>\n<p><strong>Umsetzung<\/strong><\/p>\n<p><a href=\"http:\/\/www.bb-itsolution.de\">BB IT-Solution &amp; Consulting GbR<\/a><br \/>\nIhr Partner f\u00fcr alle IT-Belange<\/p>\n<p><a href=\"http:\/\/www.bb-itsolution.de\/\" target=\"_blank\" rel=\"noopener noreferrer\"><img loading=\"lazy\" decoding=\"async\" class=\"wp-image-427 size-medium alignleft\" src=\"http:\/\/www.fehmarn-urlauber.de\/wp-content\/uploads\/400-100-300x75.jpg\" alt=\"\" width=\"300\" height=\"75\" \/><\/a><\/p>\n","protected":false},"excerpt":{"rendered":"<p>Angaben gem\u00e4\u00df \u00a7 5 TMG: Sarah Buskohl \u00d6vert Meer 22 Timmel, 26629 Gro\u00dfefehn Kontakt: Telefon: 04952 8299995 E-Mail: Moin-Timmel@web.de Haftungsausschluss (Disclaimer) Haftung f\u00fcr Inhalte Als Diensteanbieter sind wir gem\u00e4\u00df \u00a7 7 Abs.1 TMG f\u00fcr eigene Inhalte auf diesen Seiten nach den allgemeinen Gesetzen verantwortlich. Nach \u00a7\u00a7 8 bis 10 TMG sind wir als Diensteanbieter jedoch [&hellip;]<\/p>\n","protected":false},"author":1,"featured_media":0,"parent":0,"menu_order":0,"comment_status":"closed","ping_status":"closed","template":"","meta":{"footnotes":""},"class_list":["post-24","page","type-page","status-publish","hentry"],"_links":{"self":[{"href":"https:\/\/moin-timmel.de\/index.php\/wp-json\/wp\/v2\/pages\/24"}],"collection":[{"href":"https:\/\/moin-timmel.de\/index.php\/wp-json\/wp\/v2\/pages"}],"about":[{"href":"https:\/\/moin-timmel.de\/index.php\/wp-json\/wp\/v2\/types\/page"}],"author":[{"embeddable":true,"href":"https:\/\/moin-timmel.de\/index.php\/wp-json\/wp\/v2\/users\/1"}],"replies":[{"embeddable":true,"href":"https:\/\/moin-timmel.de\/index.php\/wp-json\/wp\/v2\/comments?post=24"}],"version-history":[{"count":10,"href":"https:\/\/moin-timmel.de\/index.php\/wp-json\/wp\/v2\/pages\/24\/revisions"}],"predecessor-version":[{"id":1151,"href":"https:\/\/moin-timmel.de\/index.php\/wp-json\/wp\/v2\/pages\/24\/revisions\/1151"}],"wp:attachment":[{"href":"https:\/\/moin-timmel.de\/index.php\/wp-json\/wp\/v2\/media?parent=24"}],"curies":[{"name":"wp","href":"https:\/\/api.w.org\/{rel}","templated":true}]}}

<div class="entry-content">
<h4>Angaben gemäß § 5 TMG:</h4>
<p>Sarah Buskohl<br />
Övert Meer 22<br />
Timmel, 26629 Großefehn</p>
<h4>Kontakt:</h4>
<table>
<tbody>
<tr>
<td>Telefon:</td>
<td>04952 8299995</td>
</tr>
<tr>
<td>E-Mail:</td>
<td>Moin-Timmel@web.de</td>
</tr>
</tbody>
</table>
<h4>Haftungsausschluss (Disclaimer)</h4>
<h4>Haftung für Inhalte</h4>
<p>Als Diensteanbieter sind wir gemäß § 7 Abs.1 TMG für eigene Inhalte auf diesen Seiten nach den allgemeinen Gesetzen verantwortlich. Nach §§ 8 bis 10 TMG sind wir als Diensteanbieter jedoch nicht verpflichtet, übermittelte oder gespeicherte fremde Informationen zu überwachen oder nach Umständen zu forschen, die auf eine rechtswidrige Tätigkeit hinweisen.</p>
<p>Verpflichtungen zur Entfernung oder Sperrung der Nutzung von Informationen nach den allgemeinen Gesetzen bleiben hiervon unberührt. Eine diesbezügliche Haftung ist jedoch erst ab dem Zeitpunkt der Kenntnis einer konkreten Rechtsverletzung möglich. Bei Bekanntwerden von entsprechenden Rechtsverletzungen werden wir diese Inhalte umgehend entfernen.</p>
<h4>Haftung für Links</h4>
<p>Unser Angebot enthält Links zu externen Webseiten Dritter, auf deren Inhalte wir keinen Einfluss haben. Deshalb können wir für diese fremden Inhalte auch keine Gewähr übernehmen. Für die Inhalte der verlinkten Seiten ist stets der jeweilige Anbieter oder Betreiber der Seiten verantwortlich. Die verlinkten Seiten wurden zum Zeitpunkt der Verlinkung auf mögliche Rechtsverstöße überprüft. Rechtswidrige Inhalte waren zum Zeitpunkt der Verlinkung nicht erkennbar.</p>
<p>Eine permanente inhaltliche Kontrolle der verlinkten Seiten ist jedoch ohne konkrete Anhaltspunkte einer Rechtsverletzung nicht zumutbar. Bei Bekanntwerden von Rechtsverletzungen werden wir derartige Links umgehend entfernen.</p>
<h4>Urheberrecht</h4>
<p>Die durch die Seitenbetreiber erstellten Inhalte und Werke auf diesen Seiten unterliegen dem deutschen Urheberrecht. Die Vervielfältigung, Bearbeitung, Verbreitung und jede Art der Verwertung außerhalb der Grenzen des Urheberrechtes bedürfen der schriftlichen Zustimmung des jeweiligen Autors bzw. Erstellers. Downloads und Kopien dieser Seite sind nur für den privaten, nicht kommerziellen Gebrauch gestattet.</p>
<p>Soweit<br />
die Inhalte auf dieser Seite nicht vom Betreiber erstellt wurden, werden die Urheberrechte Dritter beachtet. Insbesondere werden Inhalte Dritter als solche gekennzeichnet. Sollten Sie trotzdem auf eine Urheberrechtsverletzung aufmerksam werden, bitten wir um einen entsprechenden Hinweis. Bei Bekanntwerden von Rechtsverletzungen werden wir derartige Inhalte umgehend entfernen.</p>
<h4>Datenschutz</h4>
<p>Die Betreiber dieser Seiten nehmen den Schutz Ihrer persönlichen Daten sehr<br />
ernst. Wir behandeln Ihre personenbezogenen Daten vertraulich und entsprechend der gesetzlichen Datenschutzvorschriften sowie dieser Datenschutzerklärung.</p>
<p>Die Nutzung unserer Webseite ist in<br />
der Regel ohne Angabe personenbezogener Daten möglich. Soweit auf unseren Seiten<br />
personenbezogene Daten (beispielsweise Name, Anschrift oder E-Mail-Adressen) erhoben werden, erfolgt dies,<br />
soweit möglich, stets auf freiwilliger Basis. Diese Daten werden ohne Ihre ausdrückliche Zustimmung<br />
nicht an Dritte weitergegeben.</p>
<p>Wir weisen darauf hin, dass die Datenübertragung im Internet (z.B.<br />
bei der Kommunikation per E-Mail) Sicherheitslücken aufweisen kann. Ein lückenloser Schutz der<br />
Daten vor dem Zugriff durch Dritte ist nicht möglich.</p>
<h4>Kontaktformular</h4>
<p>Wenn Sie uns per Kontaktformular Anfragen zukommen lassen, werden Ihre Angaben aus dem<br />
Anfrageformular inklusive der von Ihnen dort angegebenen Kontaktdaten zwecks Bearbeitung der Anfrage und<br />
für den Fall von Anschlussfragen bei uns gespeichert. Diese Daten geben wir nicht ohne Ihre Einwilligung weiter.</p>
<h4>Kommentarfunktion auf dieser Webseite</h4>
<p>Für die Kommentarfunktion auf dieser Seite</p>
<p>werden neben Ihrem Kommentar auch Angaben zum Zeitpunkt der Erstellung des Kommentars, Ihre E-Mail- Adresse und, wenn Sie nicht anonym posten, der von Ihnen gewählte Nutzername gespeichert.</p>
<p><strong>Speicherung der IP Adresse</strong></p>
<p>Unsere Kommentarfunktion speichert die IP- Adressen der Nutzer, die Kommentare verfassen. Da wir Kommentare auf unserer Seite nicht vor der Freischaltung prüfen, benötigen wir diese Daten, um im Falle von Rechtsverletzungen wie Beleidigungen oder Propaganda gegen den Verfasser vorgehen zu können.</p>
<p><strong>Quellenangaben für die verwendeten Bilder, Grafiken und Videos</strong></p>
<p>Bilder, Grafiken und Videos stammen von: Sarah und Holger Buskohl</p>
<p>Standortkarte: Google Maps</p>
</div>
<p><strong>Umsetzung</strong></p>
<p><a href="http://www.bb-itsolution.de">BB IT-Solution &amp; Consulting GbR</a><br />
Ihr Partner für alle IT-Belange</p>
<p><a href="http://www.bb-itsolution.de/" target="_blank" rel="noopener noreferrer"><img loading="lazy" decoding="async" class="wp-image-427 size-medium alignleft" src="http://www.fehmarn-urlauber.de/wp-content/uploads/400-100-300x75.jpg" alt="" width="300" height="75" /></a></p>

<p>Angaben gemäß § 5 TMG: Sarah Buskohl Övert Meer 22 Timmel, 26629 Großefehn Kontakt: Telefon: 04952 8299995 E-Mail: Moin-Timmel@web.de Haftungsausschluss (Disclaimer) Haftung für Inhalte Als Diensteanbieter sind wir gemäß § 7 Abs.1 TMG für eigene Inhalte auf diesen Seiten nach den allgemeinen Gesetzen verantwortlich. Nach §§ 8 bis 10 TMG sind wir als Diensteanbieter jedoch [&hellip;]</p>
